). Let f(z) = -z**3 + 5*z**2 - 2*z + 5. Give f(d).
-5
Suppose -168 = -12*k + 10*k. Suppose -15*y = -3*y - k. Let v(q) = -2*q + 2 - 6 - 3*q + 7*q. What is v(y)?
10
Let z(y) = y**2 + 7*y + 3. Suppose -93*c = -102*c - 54. Determine z(c).
-3
Let w(p) be the third derivative of -p**8/20160 - p**7/630 + p**6/80 + p**5/15 + 22*p**2. Let m(v) be the third derivative of w(v). Give m(-9).
0
Let y(n) = -n**2 + n + 1. Let h be (-4)/(-36)*12*(-6)/(-4). Suppose -h*m + 11 = 3*f + 3*m, 0 = -2*f + 5*m - 1. Calculate y(f).
-1
Let n(m) be the third derivative of m**6/120 + 3*m**5/20 + m**3 + m**2 + 187*m. What is n(-9)?
6
Let s(g) = -g**2 - g - 2. Let k = 48 - 49. Let v be s(k). Let w(x) = 4*x + 5. What is w(v)?
-3
Let a(s) = 0*s + 0 - 4 - s. Let g be -4*((-3)/4 - 0). Suppose 0 = -p - g - 1. Give a(p).
0
Suppose -3*s + 8*c = 12*c + 6, 2*s + 8 = -4*c. Let g(y) = 4*y**3 - 3*y**2 + y + 2. What is g(s)?
24
Let w(i) = 3*i**3 - 7*i**2 - 2*i + 8. Let g(n) = 10*n**3 - 20*n**2 - 7*n + 24. Let z(q) = -2*g(q) + 7*w(q). Let y(f) = 23*f - 405. Let d be y(18). Give z(d).
8
Let l(r) = 1277*r**3 - 1278*r**3 - 1 - 1. Suppose -3*x - 4*b = -6, 0 = -b + 1 + 2. Calculate l(x).
6
Let n = -84 - -84. Suppose -20 = 4*q, -4*z - 3*q + n*q - 23 = 0. Let l(d) be the first derivative of -2*d**3/3 - d**2/2 + d + 1. Determine l(z).
-5
Let j(k) be the second derivative of k**4/12 + k**3 + 9*k**2/2 + 11*k. Determine j(-7).
16
Let i(d) = 2*d**3 + d**2 - d + 1. Let x(g) = -7*g**3 - 10*g**2 + 3*g - 3. Let o(z) = 4*i(z) + x(z). Give o(3).
-29
Let w(i) = 3*i - 24. Let g(t) = 29*t + 125. Let d be g(-4). What is w(d)?
3
Suppose 11 + 1 = -r + 3*u, -5*r - u = 76. Let o(c) = -c**3 - 14*c**2 + 12*c - 14. Determine o(r).
31
Let q(p) = -4*p - 17. Let g be q(-20). Let w = -67 + g. Let m(z) = 2*z**2 + 5*z + 4. Give m(w).
16
Let d be ((-8)/(-5))/(8/(-140)*-7). Let c be d - 2/((-8)/12). Let j(t) = -2*t**3 + 3 + 3*t**3 - 1 - 7*t**2. What is j(c)?
2
Let d(q) = q + 4. Let x be d(-3). Suppose 5 = -b, -o + x = 2*b - b. Let w(r) = 2*r - 9. Give w(o).
3
Let x(r) = 7*r + 1. Let k(n) = -2*n**3 - 6*n**2 + 8*n + 1. Let j be k(-4). Give x(j).
8
Let p(g) = -3*g**3 - g**2 - 2*g - 1. Suppose 0 = -158*o + 163*o + 10. Give p(o).
23
Let j(a) = a**3 - 4*a**2 - 7*a + 13. Let x be j(5). Let m(f) = -f**2 + 10*f**3 - 26*f**3 + 15*f**x - 2. Let q be -1 - -1*(1 - 2). Determine m(q).
2
Let b(w) be the third derivative of w**6/24 + w**4/12 - w**3/2 + 4*w**2 + 17*w. Calculate b(2).
41
Let v(p) = -p + 14. Let q = 115 + -108. What is v(q)?
7
Suppose 0 = 3*y + 3*w + 3, 0 = 3*y - 0*w - w - 13. Let h(p) = 7*p - 3*p**y - 95*p**2 - 4 + 2*p**3 + 100*p**2. Determine h(6).
2
Let v(m) = 2 + m + m + 2*m. Let l(w) = -3*w - 1. Suppose 0 = 3*i - o + 16, 0 = -o - 1 + 5. Let b(a) = i*v(a) - 6*l(a). What is b(-2)?
-6
Let c be (-4)/22 + 2008/(-88). Let q = c - -27. Let s(z) be the first derivative of 3*z**2/2 - 6*z + 1. Determine s(q).
6
Suppose -4*f = 55 - 63. Let g(p) = -5 + 5*p + p**f + 4*p - 6*p. Determine g(-7).
23
Let f(g) = 5*g**3 + g**2 - 9*g. Let l(j) = -14*j**3 - 2*j**2 + 26*j. Let y(k) = -17*f(k) - 6*l(k). Let w be (-30)/12 + ((-10)/4 - -2). Calculate y(w).
-9
Let s(y) be the second derivative of 0*y**3 + 7/20*y**5 + 1/2*y**2 + 0 - 1/6*y**4 - y. Let q be ((-10)/(-180))/(4/(-72)). Calculate s(q).
-8
Let i(x) = 10*x + 9. Let v(c) = -6*c + 4 + 9*c + 0*c - 1. Let s(p) = -4*i(p) + 14*v(p). Determine s(-5).
-4
Let m(l) = 3*l**2 - l. Let t(w) = -w**3 + 17*w**2 - 4*w + 3. Let d(j) = 3*m(j) - t(j). Let z = -21 + 29. Determine d(z).
5
Let k(v) = v**3 + 8*v**2 - v - 4. Let m(u) = 3*u - 5. Let y be m(4). Suppose y*d = 13*d + 48. What is k(d)?
4
Let d(i) = 7*i**3 + 2*i**2 + i. Let l(u) = -u**3 - 6*u**2 + 6*u - 3. Let h be l(-7). Suppose -8 = -h*s - 12. Calculate d(s).
-6
Let j = 333 + -340. Let n(t) = -t**2 - 6*t - 9. Give n(j).
-16
Let o(g) = -g + 27. Let m(h) = 4*h - 58. Let v(z) = -4*m(z) - 9*o(z). Determine v(-4).
17
Let d be 378/(-28) - (-3)/2. Let g be (-4)/d - 120/(-18). Let i(t) = -t**2 + 6*t. What is i(g)?
-7
Let u(j) be the second derivative of 2*j**3/3 - 17*j**2/2 + 229*j. What is u(6)?
7
Let n be (6 - 0)/((-3)/(-2)). Suppose -6*i + n*i = 6. Let f(c) = c**2 + 2*c - 3. Let t be f(i). Let v(h) = -h + 1. What is v(t)?
1
Let z(n) = n**3 + 8*n**2 + 7*n + 3. Let k be z(-7). Suppose q + 16 = -k*q. Let c(b) = -4*b - 5. Give c(q).
11
Let x = -394 + 389. Let s(w) = -3*w - 10. What is s(x)?
5
Let m(p) = p**3 + 17*p**2 - 18*p - 7. Suppose -j - 2*v = -2*j - 14, -3*j + 2*v - 50 = 0. Let q be m(j). Let k(x) = -x**3 - 8*x**2 - 3*x + 10. Calculate k(q).
-18
Let a(w) = w**2 + w. Suppose -8*g + 9*g = 9. Suppose -m - g + 11 = 0. What is a(m)?
6
Let v(l) be the first derivative of -l**4/12 + l**3 + 3*l**2/2 - 15*l + 7. Let c(d) be the first derivative of v(d). Determine c(6).
3
Let n be (-142)/(-6) - 4/(-12). Suppose -2*y - i = -3*i + n, 3*y + i = -36. Let s = y - -15. Let w(u) = u - 6. Calculate w(s).
-3
Let o(l) = 8*l - 1. Let j(m) = -m**3 - 5*m**2 - 3*m - 53. Let w be j(-6). Calculate o(w).
7
Let c(v) = -v + 1. Let w(r) = 2*r**2 + r - 4. Let o(q) = -3*c(q) - w(q). Let m(i) = i**2 - i - 3. Let a be m(2). Calculate o(a).
-3
Let s(i) = 4*i + 1. Let t be (12/16)/(1/60). Let m = 48 - t. Calculate s(m).
13
Let q(p) = -p**3. Let t = 2 - -3. Suppose -4*k = 3*l - 8, l = k - 0*l + t. What is q(k)?
1
Let w(o) be the second derivative of 1/2*o**2 + 11*o - 1/6*o**3 + 0. What is w(6)?
-5
Let c(m) = -3*m + 6*m + m**3 - 7*m**2 + 2*m - 3. Let f(v) = v**3 - 15*v**2 + 15*v - 8. Let x = -40 + 54. Let a be f(x). What is c(a)?
-9
Let c(o) = 41 + 47 - 16*o - 8 + 5*o - 12. What is c(6)?
2
Let q(i) = i**2 + 7*i. Let y be 3 - (0 - 4/(-4)). Suppose 0*w + 3*o - 9 = -2*w, y*o - 2 = -w. Let r be -2*(-2)/(-8)*w. Calculate q(r).
-6
Let h(s) = -s**2 - 2*s. Let b be (-2)/2*(-3 + 2). Suppose -n - b + 0 = 0. Calculate h(n).
1
Let d(y) be the second derivative of y**5/120 - y**4/8 + 17*y**3/6 - 21*y. Let o(s) be the second derivative of d(s). Give o(0).
-3
Let f(p) = -5 + 7 + 0 + 2*p. Let h be 2/6 + 30/(-9). Determine f(h).
-4
Let b(h) = -h**2 - 1. Let o(f) = -f**3 - 5*f**2 + 9*f + 14. Suppose -3*w + 4 + 2 = 0. Let z(j) = w*b(j) + o(j). Determine z(-8).
4
Suppose 5*s - 15 = 2*s. Suppose s*n - 5 - 25 = 0. Let c(d) be the second derivative of d**3/3 - 9*d**2/2 - 261*d. What is c(n)?
3
Suppose -7*a + 3410 = -2*a. Let i be a/55 + 4/(-10). Let z be 4/i - 13/3. Let u(h) = -h**2 - 6*h + 2. Calculate u(z).
10
Let x(t) = 83*t**2 - 3 - 3 - 166*t**2 + 84*t**2 - 4*t. Suppose -5*q + 7 = -4*b + 3*b, -b + 7 = 2*q. Suppose 4*m + 26 = 3*z + 2*m, -22 = -b*z + m. Give x(z).
6
Suppose -2*y + 3*q = 5, 5*y = 4*q - 2 + 7. Let h(f) = 409623 - 2*f**2 - f**3 + 8*f**2 - 409619 - 7*f. Calculate h(y).
-6
Let k(g) = -4 - g**2 + 8*g - 2*g - 2. Let y be k(4). Let v(r) = 6*r + 0 - r**2 + 0*r**2 + 2 + 0*r**y. What is v(5)?
7
Let w(y) be the third derivative of -1/3*y**3 - 1/120*y**6 + 5/24*y**4 + 0*y + 0 - 6*y**2 - 1/30*y**5. Determine w(-4).
10
Let p = -137 - -138. Let q(b) be the first derivative of 0*b + 1/2*b**2 - 1/2*b**4 + p + 2/3*b**3. Determine q(2).
-6
Let g(d) = 4*d**3 - 9*d**2 + d + 3. Let q(n) = 7*n**3 - 17*n**2 + n + 6. Let w(j) = -5*g(j) + 3*q(j). What is w(6)?
-9
Let p(x) = -x**3 - 11*x**2 + 3*x - 9. Let j be 2/9 + ((-666)/81 - 3). Give p(j).
-42
Let i(z) be the third derivative of z**6/120 + 2*z**5/15 - z**4/8 + z**3/3 - 3*z**2 + 11. Determine i(-8).
26
Let k(l) = l**3 + 5*l**2 + 3*l + 3. Suppose -386*s = -389*s - 12. Determine k(s).
7
Let o(s) be the second derivative of s**3/6 - 3*s**2 + 110*s + 1. Let r = -17 + 10. Let g = -1 - r. What is o(g)?
0
Let x = 9 + -6. Let i(r) = 3*r**3 - 5*r**2 + 4*r**x - 8*r**3 - 6 + r**2. Give i(-5).
19
Let x(a) = -11*a + 31*a + a**3 - 8*a**2 - 12*a - 2*a + a**2 - 6. Give x(6).
-6
Let z(y) be the first derivative of y**3 - 2*y**2 + 5*y - 101. Calculate z(3).
20
Let i(x) = -5*x**2 + 1 + 6*x**2 - 1 + 2 - 6*x - 1. Let r(j) = j**2 + 3*j. Let v be r(-4). Determine i(v).
-7
Let r(b) = -b**3 - 7*b**2 - 2*b - 7. Let h(w) be the third derivative of w**4/24 - 2*w**3/3 - 11*w**2. Let x be h(-3). Give r(x).
7
Let l(c) = 2*c - 22 - 42 + 68. Determine l(5).
14
Let u(v) be the first derivative of 5*v**2/2 - 4*v + 249. Give u(4).
16
Let d be (2/5)/((-1)/(-5)). Let w = -21 - -24. Let o(a) = -4 + 2 + 